{"id":51,"date":"2025-02-02T22:15:40","date_gmt":"2025-02-02T22:15:40","guid":{"rendered":"https:\/\/balanmac.com\/store\/?post_type=product&#038;p=51"},"modified":"2026-03-20T23:45:10","modified_gmt":"2026-03-20T23:45:10","slug":"itegra-2","status":"publish","type":"product","link":"https:\/\/balanmac.com\/store\/producto\/itegra-2\/","title":{"rendered":"Itegra"},"content":{"rendered":"<p>Software de gesti\u00f3n que permite la integraci\u00f3n de todos los productos de la familia KRETZ\u00ae. Gestiona toda la informaci\u00f3n relacionada (PLU, publicidades, estad\u00edsticas, etc.). Permite la f\u00e1cil y \u00e1gil integraci\u00f3n con los sistemas del Cliente<\/p>\n<p>CARACTER\u00cdSTICAS:<\/p>\n<ul>\n<li>Es adaptable al software de gesti\u00f3n de cada negocio.<\/li>\n<li>Incluye software para el dise\u00f1o de etiquetas.<\/li>\n<li>Permite obtener estad\u00edsticas y reportes.<\/li>\n<li>Facilita la gesti\u00f3n remota de los equipos.<\/li>\n<li>Ayuda a la gesti\u00f3n online de la informaci\u00f3n del verificador de precios.<\/li>\n<li>Posibilita configurar los equipos, importar datos externos y gestionar el backup de la informaci\u00f3n.<\/li>\n<\/ul>\n","protected":false},"excerpt":{"rendered":"<p>Software de gesti\u00f3n que permite la integraci\u00f3n de todos los productos de la familia KRETZ\u00ae. Gestiona toda la informaci\u00f3n relacionada (PLU, publicidades, estad\u00edsticas, etc.). Permite la f\u00e1cil y \u00e1gil integraci\u00f3n con los sistemas del Cliente CARACTER\u00cdSTICAS: Es adaptable al software de gesti\u00f3n de cada negocio. Incluye software para el dise\u00f1o de etiquetas. Permite obtener estad\u00edsticas [&hellip;]<\/p>\n","protected":false},"featured_media":44,"comment_status":"closed","ping_status":"closed","template":"","meta":[],"product_brand":[38],"product_cat":[17,15],"product_tag":[64],"class_list":{"0":"post-51","1":"product","2":"type-product","3":"status-publish","4":"has-post-thumbnail","6":"product_brand-kretz","7":"product_cat-accesorios-e-insumos","8":"product_cat-sin-categorizar","9":"product_tag-sin-promo","11":"first","12":"outofstock","13":"taxable","14":"shipping-taxable","15":"purchasable","16":"product-type-simple"},"_links":{"self":[{"href":"https:\/\/balanmac.com\/store\/wp-json\/wp\/v2\/product\/51","targetHints":{"allow":["GET"]}}],"collection":[{"href":"https:\/\/balanmac.com\/store\/wp-json\/wp\/v2\/product"}],"about":[{"href":"https:\/\/balanmac.com\/store\/wp-json\/wp\/v2\/types\/product"}],"replies":[{"embeddable":true,"href":"https:\/\/balanmac.com\/store\/wp-json\/wp\/v2\/comments?post=51"}],"version-history":[{"count":1,"href":"https:\/\/balanmac.com\/store\/wp-json\/wp\/v2\/product\/51\/revisions"}],"predecessor-version":[{"id":1146,"href":"https:\/\/balanmac.com\/store\/wp-json\/wp\/v2\/product\/51\/revisions\/1146"}],"wp:featuredmedia":[{"embeddable":true,"href":"https:\/\/balanmac.com\/store\/wp-json\/wp\/v2\/media\/44"}],"wp:attachment":[{"href":"https:\/\/balanmac.com\/store\/wp-json\/wp\/v2\/media?parent=51"}],"wp:term":[{"taxonomy":"product_brand","embeddable":true,"href":"https:\/\/balanmac.com\/store\/wp-json\/wp\/v2\/product_brand?post=51"},{"taxonomy":"product_cat","embeddable":true,"href":"https:\/\/balanmac.com\/store\/wp-json\/wp\/v2\/product_cat?post=51"},{"taxonomy":"product_tag","embeddable":true,"href":"https:\/\/balanmac.com\/store\/wp-json\/wp\/v2\/product_tag?post=51"}],"curies":[{"name":"wp","href":"https:\/\/api.w.org\/{rel}","templated":true}]}}